s the hundred thousands digit of 22812834?
8
What is the units digit of 1657302?
2
What is the thousands digit of 1945124?
5
What is the ten thousands digit of 5683791?
8
What is the hundreds digit of 192901?
9
What is the thousands digit of 75348?
5
What is the tens digit of 460408?
0
What is the hundred thousands digit of 355693?
3
What is the units digit of 2475783?
3
What is the units digit of 11813129?
9
What is the tens digit of 479631?
3
What is the ten thousands digit of 284274?
8
What is the hundreds digit of 740618?
6
What is the units digit of 39662?
2
What is the units digit of 239274?
4
What is the thousands digit of 5634170?
4
What is the hundred thousands digit of 146543?
1
What is the hundreds digit of 2840030?
0
What is the thousands digit of 312147?
2
What is the hundreds digit of 4151162?
1
What is the hundred thousands digit of 168560?
1
What is the ten thousands digit of 3429206?
2
What is the hundred thousands digit of 955548?
9
What is the units digit of 230892?
2
What is the units digit of 139280?
0
What is the hundred thousands digit of 8074283?
0
What is the tens digit of 1971210?
1
What is the ten thousands digit of 891638?
9
What is the hundred thousands digit of 1577358?
5
What is the hundred thousands digit of 380216?
3
What is the thousands digit of 415993?
5
What is the hundred thousands digit of 704254?
7
What is the units digit of 183232?
2
What is the millions digit of 10242715?
0
What is the hundreds digit of 4897707?
7
What is the hundreds digit of 189079?
0
What is the thousands digit of 471291?
1
What is the thousands digit of 838872?
8
What is the ten thousands digit of 5804647?
0
What is the hundreds digit of 205264?
2
What is the tens digit of 847234?
3
What is the tens digit of 95022?
2
What is the hundred thousands digit of 2198656?
1
What is the hundreds digit of 54841?
8
What is the thousands digit of 16763870?
3
What is the ten thousands digit of 17218326?
1
What is the ten thousands digit of 7635612?
3
What is the hundreds digit of 3917984?
9
What is the hundreds digit of 8425065?
0
What is the hundreds digit of 660317?
3
What is the tens digit of 208488?
8
What is the units digit of 8154897?
7
What is the hundreds digit of 809213?
2
What is the hundreds digit of 8232404?
4
What is the hundreds digit of 45631?
6
What is the units digit of 578461?
1
What is the tens digit of 628915?
1
What is the units digit of 157691?
1
What is the hundreds digit of 449358?
3
What is the thousands digit of 149354?
9
What is the ten thousands digit of 35453490?
5
What is the hundreds digit of 1184319?
3
What is the ten thousands digit of 1632091?
3
What is the hundreds digit of 4966564?
5
What is the hundreds digit of 233177?
1
What is the hundred thousands digit of 1946175?
9
What is the hundred thousands digit of 4531128?
5
What is the units digit of 177662?
2
What is the units digit of 1589676?
6
What is the units digit of 42837?
7
What is the hundred thousands digit of 23465602?
4
What is the ten millions digit of 18501292?
1
What is the hundred thousands digit of 7385712?
3
What is the units digit of 380805?
5
What is the units digit of 3767103?
3
What is the units digit of 4716787?
7
What is the ten thousands digit of 738248?
3
What is the hundred thousands digit of 3691752?
6
What is the thousands digit of 364312?
4
What is the units digit of 2239055?
5
What is the hundreds digit of 5264849?
8
What is the hundred thousands digit of 16464439?
4
What is the units digit of 6770405?
5
What is the hundred thousands digit of 851234?
8
What is the hundred thousands digit of 11813079?
8
What is the units digit of 8551?
1
What is the thousands digit of 3140372?
0
What is the tens digit of 248134?
3
What is the tens digit of 111117?
1
What is the hundreds digit of 2015636?
6
What is the units digit of 971194?
4
What is the thousands digit of 676432?
6
What is the units digit of 825589?
9
What is the hundreds digit of 4019102?
1
What is the units digit of 5173163?
3
What is the units digit of 112445?
5
What is the thousands digit of 1606770?
6
What is the ten thousands digit of 542154?
4
What is the hundred thousands digit of 435082?
4
What is the ten thousands digit of 5304888?
0
What is the millions digit of 2489386?
2
What is the millions digit of 26355811?
6
What is the hundred thousands digit of 361876?
3
What is the ten thousands digit of 151385?
5
What is the ten thousands digit of 29235122?
3
What is the tens digit of 3607608?
0
What is the ten thousands digit of 1421327?
2
What is the ten thousands digit of 4637674?
3
What is the units digit of 904433?
3
What is the units digit of 181372?
2
What is the ten thousands digit of 232040?
3
What is the thousands digit of 16057969?
7
What is the units digit of 5394851?
1
What is the hundreds digit of 330903?
9
What is the hundreds digit of 2049419?
4
What is the units digit of 5135945?
5
What is the millions digit of 16440803?
6
What is the hundreds digit of 324358?
3
What is the hundreds digit of 93821?
8
What is the ten thousands digit of 271526?
7
What is the thousands digit of 21676608?
6
What is the tens digit of 796?
9
What is the hundreds digit of 56205?
2
What is the ten thousands digit of 1908897?
0
What is the tens digit of 344670?
7
What is the hundreds digit of 573520?
5
What is the thousands digit of 2811179?
1
What is the thousands digit of 27401271?
1
What is the hundreds digit of 23833123?
1
What is the thousands digit of 288155?
8
What is the ten thousands digit of 2922930?
2
What is the tens digit of 360731?
3
What is the units digit of 18526850?
0
What is the ten millions digit of 12776553?
1
What is the tens digit of 663878?
7
What is the hundreds digit of 23618222?
2
What is the hundreds digit of 903924?
9
What is the units digit of 5842119?
9
What is the hundreds digit of 4502283?
2
What is the millions digit of 12817543?
2
What is the hundred thousands digit of 849095?
8
What is the millions digit of 33868288?
3
What is the thousands digit of 497577?
7
What is the units digit of 34766?
6
What is the hundred thousands digit of 3522700?
5
What is the thousands digit of 573831?
3
What is the thousands digit of 1369371?
9
What is the units digit of 302292?
2
What is the ten thousands digit of 276085?
7
What is the ten thousands digit of 110660?
1
What is the ten thousands digit of 4734516?
3
What is the units digit of 3334123?
3
What is the ten thousands digit of 7691757?
9
What is the ten millions digit of 21898116?
2
What is the ten thousands digit of 1843358?
4
What is the hundreds digit of 107754?
7
What is the tens digit of 261856?
5
What is the hundreds digit of 1516762?
7
What is the hundreds digit of 10494749?
7
What is the millions digit of 9318777?
9
What is the ten thousands digit of 445859?
4
What is the thousands digit of 2610421?
0
What is the thousands digit of 562071?
2
What is the tens digit of 723313?
1
What is the tens digit of 4595430?
3
What is the tens digit of 878009?
0
What is the thousands digit of 7033330?
3
What is the thousands digit of 2023495?
3
What is the tens digit of 23882246?
4
What is the ten thousands digit of 3134646?
3
What is the tens digit of 74537?
3
What is the hundred thousands digit of 658406?
6
What is the hundreds digit of 2435779?
7
What is the thousands digit of 4144223?
4
What is the millions digit of 13023824?
3
What is the units digit of 422002?
2
What is the ten thousands digit of 582854?
8
What is the tens digit of 256232?
3
What is the units digit of 26883?
3
What is the tens digit of 118170?
7
What is the ten thousands digit of 234412?
3
What is the hundred thousands digit of 328760?
3
What is the thousands digit of 683784?
3
What is the ten thousands digit of 989967?
8
What is the tens digit of 734670?
7
What is the thousands digit of 151150?
1
What is the hundreds digit of 4132070?
0
What is the hundred thousands digit of 1610144?
6
What is the thousands digit of 957924?
7
What is the hundred thousands digit of 262806?
2
What is the hundred thousands digit of 3160356?
1
What is the thousands digit of 67478?
7
What is the thousands digit of 140188?
0
What is the hundred thousands digit of 212843?
2
What is the hundreds digit of 652266?
2
What is the units digit of 32626?
6
What is the h